 10 - (-5 + (-2 - -11))
3
Evaluate 124 + 2 + 178 + -178 + 5 + 0 - 14.
117
Evaluate -34 - (-10 + 28) - ((37 - 10) + -8).
-71
What is (8 - -7) + -14 + (1 - -6) - -51?
59
What is (2 - 1 - -39) + -317 + 318 + -4?
37
What is the value of (0 - 25) + (-39 - -17) + (-2 - -26)?
-23
What is 13 - ((-972 - -994 - (0 + 1 + 15)) + -13)?
20
Calculate -3 + -2 - 14 - (8 + 7).
-34
(-2 - (-8 - -5)) + (24 - 31) + -33 + -1
-40
What is the value of 19 + (-17 - 11) + 13 - (31 + -1)?
-26
Calculate 5 + -80 + 7 + 3 + (-9 - -2) - -1.
-71
What is the value of -9 + -5 + (-34 - -14) + 31?
-3
Calculate -44 - (-7 - 32) - 21 - 21.
-47
What is (6 - 26) + 23 + (5 - 9) + 46?
45
What is 24776 - 24776 - (71 + 2 + 1 + -2)?
-72
What is the value of 24 + (-20 - 3) + -14 + 28?
15
-33 + (-11 - -49 - 30)
-25
-7 - (6 - (0 + (150 - 156 - (-100 - 0))))
81
Evaluate -9 + 6 + 1 - (-83 + 75).
6
Calculate -2 + 32 - (-23 - -60 - -4).
-11
What is -22 + 41 + -6 + 0 - (14 - 7) - 67?
-61
-5 - (3 - 24 - (-22 - -99))
93
What is the value of -4 + ((-63 - -45) + 1 - 37)?
-58
(109 + 54 - 168) + (1 - 44)
-48
Evaluate -7 - -13 - 4 - (-16 + -1 - -4 - -2).
13
What is the value of (0 - 7 - (-63 + 47)) + (27 - 59)?
-23
What is the value of -20 + 36 + -20 - ((0 - (-8 + 4)) + 8)?
-16
What is (9 - -84) + (-7 - (-20 - -6)) + (-12 - -10)?
98
What is 5 - (65 - (-15 + 21 + 13))?
-41
What is the value of 1 - -8 - (84 - (-34 - (-19 - (-19 + 14))))?
-95
What is the value of -22 + (22 + -24 - -48)?
24
What is -20 + 13 + (-64 - -34)?
-37
Evaluate 13 + (86 - 132) + (49 - 4).
12
What is (24 - 0) + (-29 - (-19 - 30))?
44
(-10 - (8 - -5) - -15 - (-6 - 0)) + -56
-58
Calculate 10 + 5 - (-56 + 37 - 71).
105
12 + -13 + -2 + -25
-28
What is 21 + (-50 + 37 - (-23 - 0 - -2))?
29
Evaluate 19 + -17 + (7 - 8) + -23.
-22
Evaluate -4 + 4 + -3 + 12 + (309 - 318).
0
18 - (0 + 11 + 3 - -57)
-53
What is (15 - 12 - (-3 - -1)) + -1 + -9 - 2?
-7
Evaluate 110 + -85 + 15 + 5.
45
-125 + 82 + 17 + 42
16
Evaluate 48 - (65 + -26 + 75).
-66
(4 - 3) + 7 - (3 + -29 - (71 + -95))
10
Evaluate 28 - ((17 - 23) + 6).
28
Evaluate 28 + -13 + -7 + (-9 - (4 + -4)) - 51.
-52
Evaluate (-28 - -24) + 16 + -4 + (-2 - (-31 - 9)).
46
(-4 + -4 - (148 + -51)) + -12 + 15
-102
-40 + (59 - (0 - -41))
-22
-60 + 38 - ((-6 - -7) + 8)
-31
2 + -1 - -28 - (-94 + 121)
2
-39 - 2 - (-560 - -539) - (-1 - 113)
94
What is 54 - (72 + 22 + 6)?
-46
Calculate ((0 - 9) + (-303 - -317) - -12) + 4.
21
What is -32 + -6 - -19 - (3 - 71)?
49
What is 18 - (7 + -11 - -12) - 7?
3
-10 + (117 - 12) - (5 + -46 + 21)
115
What is -32 + (-3 + -83 - (-244 - -242))?
-116
What is the value of (11 - 13) + -9 - -15 - -4?
8
Evaluate -100 - (1 + 134 + -215).
-20
What is -1 + -5 + (24 + -6 - 20) + 4 + -2?
-6
Calculate -10 + 0 + 5 + (1 + -26 - -29).
-1
Calculate -7 + (-8 - -87 - (-24 + 18 + -1 + -2)).
81
What is the value of -3 + 0 + 9 + -15 + (10 - -13) + 2?
16
31 + (10 - 4) + -8 + -16 - 3
10
What is -125 + 28 - (202 + -238)?
-61
Calculate 514 - 525 - (-62 + 1).
50
What is 10 + (-8 - 74 - 1) + (-3 - -15)?
-61
Evaluate (-157 - -166) + 1 + -5 + 38 - -9.
52
Calculate (-95 - -20 - -20) + 45.
-10
What is the value of -43 + 166 + -79 + (-10 - -1)?
35
What is (2 + -3 + -5 - 10) + 4 + (39 - -53)?
80
What is 2 - (72 - (-1 - -3)) - (-14628 - -14628)?
-68
(-10 - (4 - (-28 + 25 + 6 + 3))) + -36
-44
What is 82 + -35 + -3 + -10?
34
Calculate -4 - (-7 + (10 - 4 - -5) - 56 - -8).
40
What is the value of (-49 - 15) + (160 - 56)?
40
Calculate 31 - 53 - -9 - -33.
20
-17 - ((2 + 1 - (577 + -564)) + 118)
-125
-38 - (30 - -1 - (1508 + -1491))
-52
What is the value of 27 + -9 - (25 + -31 + 25)?
-1
What is (-1 + 1 - (16 + (11 - -2))) + -11?
-40
What is -11 + (69 - 14) + -31 + 27?
40
40 - (-18 + -22 + 93)
-13
Calculate -2 - (9 - 5) - (-59 + 12 + -20 + 6).
55
Evaluate -8 + -2 + (-4 - (18 + 14 + -12)) + 12.
-22
-85 - (-18 + 8 - (12 + (-8 - 17)))
-88
(890 - 886) + ((1 - 2) + 30 - -1)
34
What is the value of -72 - (-36 - 44) - 147?
-139
What is 29 + -18 + -82 - -40?
-31
-3 - (-2 - 0) - (165 + -184 + 12)
6
What is the value of 16 - 0 - (116 + (-125 - -14))?
11
Evaluate (-19 - 97) + 80 - -47.
11
-6 - (-1 + -1 + 2) - (6024 - 6107)
77
What is 0 + (4 + -25 - -26) + 59?
64
Calculate 59 + (12 - -5) - 157.
-81
Evaluate -14 - -1 - (183 - (-67 - -259)).
-4
Calculate (-4 - 12 - (2 + -10 + 7)) + -5.
-20
What is the value of 19 + 4 - 35 - (66 + -96)?
18
Evaluate (-28 - (11 - 22) - -25) + -27 - -18.
-1
What is (56 - 35) + -124 + 46?
-57
What is the value of (-1 - 18) + (-126 - -151) + (5 - (102 - -5))?
-96
What is the value of 0 - 2 - (-15 + -1 + -215 + 236)?
-7
Calculate (3 - -81) + -62 + -68.
-46
What is the value of 13 + -144 + (-226 - -305)?
-52
What is the value of -336 + 240 + (30 - -3)?
-63
Evaluate (3 - -15) + (71 - 14) + -32.
43
What is 15 + 7 + (13 + -73 - -24)?
-14
What is 60 + (13 - 32 - -18)?
59
Evaluate -12 - (-19 + 43 + -6 - 16 - -19).
-33
What is the value of (20 - ((-11 - -30) + 43)) + -28?
-70
Calculate (16 - -1) + 16 + 3 + -61 + -20.
-45
Calculate -4 + 6 + -5 + (-777 - -776) + (-1 - -55).
50
What is 16 + -45 + -43 + 18 + -59?
-113
Evaluate 51 + -24 + -15 + -22.
-10
Evaluate 206 + -167 - (7 + -16).
48
Evaluate 7 + (0 + -7 - (-224 + 221)) + (-1 - -1).
3
Calculate 70 + (-111 - (54 + -120)).
25
Calculate (25 - 2 - (-134 + 155)) + -1 + -62.
-61
What is the value of 6 + -4 + 22 + -63 + -17?
-56
20 + (-3 - (-8 - -18)) - 5
2
What is (-3 - -2) + -1 - (-100 + 12 + 174)?
-88
Calculate (3 - (2 + 50) - 6) + (-19 - (-6 + -10)).
-58
8 + 46 + (-17 - -7)
44
Calculate 12 + -21 + 10 - (-12 + 18 - -2).
-7
Calculate 33 + (-302 - -272) + (2 - -29).
34
What is 24 + 41 + -57 + 19 + -2 - (-10 + 1)?
34
Calculate (-238 - -270) + 18 + 0 - (17 - 4).
37
Calculate -55 + 47 + 1 + -7.
-14
Evaluate -44 - (-21 + (14 - (-8 - -16))).
-29
Calculate -12 - (9 + (11 - (-2 - -32)) - -13).
-15
Calculate 2 - 12 - (-65 + 54 - 3) - (8 - 1).
-3
Calculate -19 + 0 + (57 - (35 - (15 + -43))).
-25
30 + 163 + -171 + (-5 - 9)
8
What is (-15 - (20 + 21)) + 49?
-7
What is the value of -122 - (-17 + 65 - 94)?
-76
What is the value of (161 - 152) + 20 + -3 - -7?
33
33 + ((-10 - (7 - 11)) + 6 - 7) - 0
26
What is (37 - (-6 - 14)) + -17 + 17?
57
-53 + 44 + (3 - (25 + -17))
-14
53 + (0 - 4) - (96 + 40 + -150)
63
What is the value of -5 + 52 - (94 + -45)?
-2
(-13 - (-4 + -5)) + 0 + -14
-18
(-24 - -1) + 17 + -2 + (2 - (30 + -5))
-31
(-99 - (-33 + 80)) + 5 + 4 + -2
-139
Calculate 196 + -178 - (-2 - (7 + 6)).
33
-19 + 79 + -75 + -3 + 22 + (-1 - 1)
2
Evaluate (27 - (52 + -25 - -4)) + -14.
-18
(1012 - 1029) + (-3 - -11)
-9
2 + (48 - 3 - 2 - 89)
-44
What is (-79 - (38 + -53 + -46)) + (1 - 20)?
-37
Calculate -56 - (-3 + 4) - -1 - (-242 - -233).
-47
What is the value of (35 - 28 - -10) + -31 - -85?
71
What is the value of -117 + -9 + (5 - (-15 + 11)) + 8?
-109
What is the value of 1 - -122 - (22 - (39 - (37 + -15 + 7)))?
111
30 + -21 + -13 + 34 + 57
87
What is 14 + -12 - -1 - (2 - -16 - -16)?
-31
What is the value of (127 - 173) + -3 + 3 + -2 + 11 - 3?
-40
What is the value of -84 + (9 - -3 - (-3 + 1)) + (411 - 420)?
-79
What is 99 + -139 - (0 - -3)?
-43
What is the value of 19 + -13 + -90 - (-2 + 0 + -5 + 10)?
-87
What is 21943 + -21965 - (-21 + 0 + 0)?
-1
What is 60 + 16 + (59 - 140) + -1 + 4?
-2
What is (-73 - -14) + (-265 - -324)?
0
Evaluate -65 - (-35 + -28 + -28).
26
(-74 - -43) + 9 + -6 + -2
-30
What is 1 + -3 - (-19 - (-154 - -215 - (23 + -3)))?
58
86 + -42 + 0 - 69
-25
What is the value of (21 + 1 - 2) + (25 - 4) + -19?
22
(-16 - -8) + (-5 - 8) + -5 + 7
-19
What is 261 - 340 - ((1 - 7) + 1 + 6)?
-80
24 + (0 - -26) - 125
-75
Evaluate 140 + -21 - 104 - 153.
-138
Calculate 154 + -333 + 197 - (47 + 1).
-30
What is the value of (82 - 89) + (-3 - 14) + -9?
-33
Evaluate -1 - (196 + -205 + (5 - 1)) - 16.
-12
Calculate 1 - -85 - (-29 - (-61 + 9 + 45)).
108
What is the value of (-11 - -11) + 16 + -12 - -6 - 43?
-33
3 - (-63 + 26) - -22
62
Evaluate 1 + 0 - -15 - ((21 - 3) + (15 - 38)).
21
Evaluate 15 + (-16 - -10) + 40 + (-2 - 1).
46
What is the value of (-100 - 5 - -51) + 98?
44
9 + -8 + -7 + -33
-39
3 - ((-7 - (-50 - -33)) + 0 + 64)
-71
What is (3 + -6 - (44 - 40)) + -21?
-28
-2 + 7 + 32 + (-10 + 4 - 93)
-62
Calculate -3 + 1 - (-1 + -16 - (-100 - -75)).
-10
Evaluate 24 + -1 + (491 - 565) - -21.
-30
